 of 1242 and 3831336504?
1242
Calculate the greatest common factor of 1799747 and 10811.
569
Calculate the greatest common factor of 1307529 and 9195.
1839
Calculate the greatest common factor of 237147 and 14111.
137
Calculate the greatest common factor of 244 and 35522252.
244
Calculate the highest common factor of 114 and 396895636.
38
What is the highest common divisor of 28616 and 169798?
146
Calculate the greatest common factor of 14171 and 8399.
37
Calculate the highest common divisor of 1540127 and 5989.
53
Calculate the greatest common factor of 12 and 23727666.
6
Calculate the greatest common factor of 26106 and 11267.
19
What is the highest common divisor of 3 and 142131849?
3
What is the greatest common factor of 3814 and 92110007?
1907
What is the greatest common factor of 294959429 and 23?
23
What is the greatest common factor of 70335213 and 7995?
1599
What is the highest common factor of 140879256 and 236?
236
Calculate the greatest common divisor of 5005 and 796565.
385
Calculate the highest common factor of 276138 and 189911.
529
What is the greatest common factor of 369540 and 6660?
180
Calculate the highest common divisor of 321274880 and 768.
256
What is the highest common factor of 86243520 and 1650?
330
What is the highest common factor of 73927412 and 364?
52
What is the highest common divisor of 116 and 6333310?
58
Calculate the greatest common factor of 394186975 and 9100.
2275
Calculate the highest common divisor of 230 and 926118.
46
Calculate the highest common factor of 199628844 and 732.
732
Calculate the greatest common divisor of 91024143 and 21.
21
Calculate the greatest common factor of 162228 and 3990563.
1229
What is the greatest common divisor of 81 and 4469391?
27
Calculate the greatest common divisor of 7706 and 574821364.
7706
What is the greatest common factor of 3890 and 2585364020?
3890
What is the greatest common factor of 4266823 and 25216?
197
Calculate the greatest common factor of 22289 and 69750.
31
What is the greatest common factor of 7008 and 342111288?
1752
What is the greatest common divisor of 39938 and 8851522?
2102
Calculate the highest common factor of 209322 and 1215738.
522
What is the greatest common divisor of 38736 and 7893?
9
What is the greatest common divisor of 256333 and 506?
11
What is the highest common divisor of 1704 and 1286328?
24
What is the highest common divisor of 60320 and 201032?
104
Calculate the highest common divisor of 153707542 and 461.
461
What is the greatest common divisor of 2492 and 7559?
1
Calculate the highest common divisor of 1892 and 2622785.
473
Calculate the greatest common factor of 296 and 832546768.
296
What is the greatest common factor of 595432215 and 27?
27
What is the greatest common factor of 186317017 and 23437?
1019
Calculate the greatest common divisor of 4560 and 2278195.
95
What is the greatest common factor of 17360502 and 38454?
2958
What is the highest common divisor of 969 and 14926068?
51
What is the highest common divisor of 612083388 and 84?
84
Calculate the highest common divisor of 124048 and 3520.
16
What is the greatest common divisor of 3618348 and 24?
12
Calculate the greatest common divisor of 331730887 and 251.
251
What is the greatest common divisor of 1621044 and 1638082?
2434
What is the greatest common divisor of 28260375 and 3315?
3315
What is the highest common factor of 304288 and 204832?
1184
Calculate the greatest common factor of 47421 and 35442.
99
What is the greatest common factor of 996 and 13917357?
249
What is the highest common divisor of 7804 and 160?
4
What is the highest common divisor of 19 and 3845109?
1
Calculate the greatest common factor of 7922 and 551378.
34
What is the greatest common factor of 18331 and 1826724?
797
Calculate the greatest common divisor of 55 and 6053157.
11
Calculate the greatest common divisor of 11091438 and 1242.
54
Calculate the greatest common factor of 196953 and 5793.
3
What is the highest common divisor of 152 and 56013102?
38
What is the highest common divisor of 266287 and 630?
7
Calculate the greatest common factor of 84640 and 444866.
46
Calculate the highest common factor of 835918161 and 1261.
1261
Calculate the highest common factor of 1993663 and 316834.
2989
Calculate the highest common divisor of 498 and 28350.
6
What is the greatest common divisor of 330 and 39851790?
330
What is the greatest common divisor of 3178 and 116018?
14
Calculate the highest common divisor of 40205 and 94809.
187
Calculate the highest common divisor of 354074 and 18032.
98
Calculate the highest common factor of 4544 and 2949482.
142
Calculate the highest common divisor of 45 and 19891440.
45
What is the highest common divisor of 74380 and 138850?
10
What is the highest common divisor of 22896 and 8153136?
432
Calculate the greatest common divisor of 21031252 and 8360.
836
What is the highest common divisor of 75320224 and 224?
224
Calculate the greatest common factor of 28479 and 23738.
11
What is the greatest common factor of 13570871 and 4724?
1181
What is the highest common factor of 3155552 and 3968?
992
What is the highest common factor of 399 and 2020669?
133
What is the greatest common factor of 41001 and 30102?
519
What is the greatest common divisor of 6871040 and 36600?
2440
What is the highest common divisor of 756123 and 16068?
309
What is the highest common divisor of 2809 and 188360304?
2809
What is the greatest common factor of 7101706 and 4818654?
10102
Calculate the greatest common divisor of 3768659 and 19357.
1489
What is the greatest common factor of 11518 and 442769197?
5759
What is the highest common divisor of 519215384 and 8?
8
What is the greatest common factor of 12416896 and 384?
128
What is the greatest common divisor of 603 and 4164251?
67
What is the greatest common factor of 152671155 and 588?
21
What is the highest common factor of 798 and 30405130?
266
Calculate the highest common divisor of 167100 and 636.
12
Calculate the greatest common factor of 451 and 1759076.
11
What is the greatest common factor of 59472 and 49402647?
3717
What is the highest common factor of 159 and 14017652?
53
Calculate the greatest common divisor of 104 and 90157132.
52
What is the highest common factor of 3137525 and 23575?
1025
Calculate the greatest common factor of 28361 and 5443021.
79
What is the greatest common divisor of 34788 and 516?
12
What is the greatest common divisor of 591927 and 22862?
497
Calculate the highest common divisor of 6515341 and 553.
7
What is the greatest common divisor of 514620 and 2385?
45
Calculate the highest common factor of 1394638 and 42826.
1862
What is the greatest common factor of 38 and 18310604?
38
Calculate the highest common factor of 762 and 97864422.
762
Calculate the highest common divisor of 55594058 and 366.
122
Calculate the highest common factor of 13057 and 52987.
11
What is the highest common divisor of 12006290 and 7250?
290
What is the highest common divisor of 1990 and 1472290?
10
What is the highest common divisor of 3463343 and 247?
13
Calculate the greatest common divisor of 258 and 155769951.
129
What is the greatest common divisor of 10614437 and 1?
1
What is the highest common divisor of 92 and 675543166?
46
What is the highest common factor of 1339520 and 8855?
805
Calculate the greatest common divisor of 4199289 and 33.
3
Calculate the highest common divisor of 2065 and 200044810.
2065
Calculate the highest common divisor of 1035783 and 11316.
123
What is the highest common factor of 1034442688 and 12088?
12088
Calculate the greatest common factor of 22648 and 1153856.
1192
What is the greatest common factor of 11587278 and 6?
6
Calculate the greatest common factor of 1200 and 226965.
15
What is the highest common factor of 128 and 43332592?
16
Calculate the greatest common factor of 51 and 6839219.
17
What is the highest common divisor of 530668105 and 23540?
5885
What is the greatest common divisor of 18043604 and 20712?
3452
Calculate the highest common factor of 262 and 1049018263.
131
What is the highest common factor of 111503 and 62118?
119
Calculate the highest common factor of 3419 and 24648403.
13
What is the greatest common factor of 2808 and 181253046?
78
Calculate the highest common di